is divided by 47.
9
Calculate the remainder when 165 is divided by 35.
25
What is the remainder when 130 is divided by 19?
16
Calculate the remainder when 18088 is divided by 20.
8
Calculate the remainder when 37 is divided by 8.
5
What is the remainder when 1311 is divided by 50?
11
What is the remainder when 15 is divided by 10?
5
What is the remainder when 667 is divided by 51?
4
Calculate the remainder when 633 is divided by 45.
3
What is the remainder when 360 is divided by 95?
75
What is the remainder when 95 is divided by 22?
7
Calculate the remainder when 3143 is divided by 2.
1
Calculate the remainder when 1418 is divided by 466.
20
What is the remainder when 182 is divided by 20?
2
Calculate the remainder when 118439 is divided by 35.
34
Calculate the remainder when 148 is divided by 47.
7
What is the remainder when 129 is divided by 19?
15
Calculate the remainder when 10138 is divided by 130.
128
Calculate the remainder when 11 is divided by 3.
2
Calculate the remainder when 14 is divided by 1.
0
What is the remainder when 2045 is divided by 93?
92
Calculate the remainder when 118 is divided by 11.
8
Calculate the remainder when 460 is divided by 22.
20
Calculate the remainder when 216 is divided by 19.
7
What is the remainder when 5034 is divided by 53?
52
Calculate the remainder when 384 is divided by 105.
69
Calculate the remainder when 215 is divided by 45.
35
Calculate the remainder when 81 is divided by 4.
1
Calculate the remainder when 427 is divided by 55.
42
What is the remainder when 348 is divided by 70?
68
Calculate the remainder when 5703 is divided by 248.
247
Calculate the remainder when 541 is divided by 48.
13
Calculate the remainder when 128 is divided by 44.
40
Calculate the remainder when 51 is divided by 31.
20
What is the remainder when 392 is divided by 109?
65
Calculate the remainder when 1284 is divided by 333.
285
Calculate the remainder when 424 is divided by 101.
20
What is the remainder when 393 is divided by 82?
65
Calculate the remainder when 2000 is divided by 91.
89
What is the remainder when 350 is divided by 84?
14
What is the remainder when 47 is divided by 5?
2
Calculate the remainder when 77 is divided by 12.
5
Calculate the remainder when 197 is divided by 53.
38
What is the remainder when 1910 is divided by 73?
12
Calculate the remainder when 43876 is divided by 17.
16
What is the remainder when 51 is divided by 11?
7
Calculate the remainder when 119 is divided by 62.
57
What is the remainder when 685 is divided by 235?
215
What is the remainder when 126 is divided by 118?
8
What is the remainder when 942 is divided by 80?
62
What is the remainder when 254 is divided by 63?
2
What is the remainder when 111 is divided by 28?
27
Calculate the remainder when 3526 is divided by 56.
54
What is the remainder when 66 is divided by 29?
8
Calculate the remainder when 307 is divided by 14.
13
What is the remainder when 452 is divided by 58?
46
What is the remainder when 398 is divided by 133?
132
Calculate the remainder when 554 is divided by 31.
27
Calculate the remainder when 61016 is divided by 379.
376
Calculate the remainder when 294 is divided by 57.
9
What is the remainder when 603 is divided by 6?
3
What is the remainder when 1361 is divided by 172?
157
Calculate the remainder when 72 is divided by 19.
15
What is the remainder when 791 is divided by 11?
10
Calculate the remainder when 9221 is divided by 87.
86
What is the remainder when 154 is divided by 26?
24
What is the remainder when 170 is divided by 13?
1
Calculate the remainder when 105 is divided by 19.
10
Calculate the remainder when 51270 is divided by 58.
56
What is the remainder when 134 is divided by 18?
8
Calculate the remainder when 2482 is divided by 36.
34
Calculate the remainder when 234 is divided by 52.
26
What is the remainder when 4991 is divided by 27?
23
What is the remainder when 1147 is divided by 164?
163
Calculate the remainder when 1590 is divided by 114.
108
Calculate the remainder when 884 is divided by 15.
14
What is the remainder when 583 is divided by 39?
37
What is the remainder when 3298 is divided by 25?
23
What is the remainder when 307 is divided by 15?
7
What is the remainder when 355 is divided by 37?
22
Calculate the remainder when 1044 is divided by 324.
72
Calculate the remainder when 313 is divided by 81.
70
What is the remainder when 487 is divided by 29?
23
Calculate the remainder when 72 is divided by 44.
28
What is the remainder when 134 is divided by 22?
2
What is the remainder when 63 is divided by 63?
0
What is the remainder when 505 is divided by 492?
13
Calculate the remainder when 139 is divided by 61.
17
Calculate the remainder when 89 is divided by 23.
20
Calculate the remainder when 200 is divided by 10.
0
Calculate the remainder when 91 is divided by 45.
1
Calculate the remainder when 783 is divided by 183.
51
Calculate the remainder when 218 is divided by 44.
42
Calculate the remainder when 665 is divided by 129.
20
Calculate the remainder when 10599 is divided by 57.
54
Calculate the remainder when 117 is divided by 25.
17
What is the remainder when 1514 is divided by 138?
134
Calculate the remainder when 626 is divided by 35.
31
Calculate the remainder when 19626 is divided by 130.
126
What is the remainder when 352 is divided by 92?
76
What is the remainder when 257 is divided by 48?
17
What is the remainder when 1198 is divided by 15?
13
What is the remainder when 60 is divided by 17?
9
Calculate the remainder when 58 is divided by 13.
6
What is the remainder when 107 is divided by 27?
26
Calculate the remainder when 430 is divided by 54.
52
Calculate the remainder when 3397 is divided by 77.
9
Calculate the remainder when 106 is divided by 95.
11
What is the remainder when 709 is divided by 222?
43
What is the remainder when 505 is divided by 500?
5
Calculate the remainder when 355 is divided by 121.
113
What is the remainder when 215 is divided by 108?
107
What is the remainder when 49 is divided by 30?
19
What is the remainder when 84 is divided by 25?
9
What is the remainder when 551 is divided by 33?
23
Calculate the remainder when 45 is divided by 26.
19
What is the remainder when 11974 is divided by 12?
10
Calculate the remainder when 1775 is divided by 111.
110
Calculate the remainder when 95 is divided by 20.
15
What is the remainder when 2603 is divided by 67?
57
What is the remainder when 57 is divided by 26?
5
Calculate the remainder when 9284 is divided by 54.
50
What is the remainder when 401 is divided by 13?
11
Calculate the remainder when 254 is divided by 68.
50
What is the remainder when 499 is divided by 42?
37
What is the remainder when 493 is divided by 80?
13
What is the remainder when 134 is divided by 43?
5
Calculate the remainder when 361 is divided by 13.
10
Calculate the remainder when 88 is divided by 79.
9
What is the remainder when 369 is divided by 113?
30
Calculate the remainder when 450 is divided by 106.
26
Calculate the remainder when 66 is divided by 36.
30
Calculate the remainder when 117 is divided by 20.
17
What is the remainder when 422 is divided by 47?
46
What is the remainder when 1052 is divided by 347?
11
Calculate the remainder when 211 is divided by 62.
25
Calculate the remainder when 9870 is divided by 25.
20
What is the remainder when 701 is divided by 13?
12
What is the remainder when 331 is divided by 27?
7
Calculate the remainder when 193 is divided by 28.
25
What is the remainder when 538 is divided by 267?
4
What is the remainder when 131 is divided by 27?
23
What is the remainder when 9857 is divided by 68?
65
Calculate the remainder when 264 is divided by 45.
39
Calculate the remainder when 89 is divided by 31.
27
What is the remainder when 84 is divided by 9?
3
What is the remainder when 509 is divided by 30?
29
Calculate the remainder when 4977 is divided by 83.
80
Calculate the remainder when 100 is divided by 11.
1
Calculate the remainder when 1688 is divided by 141.
137
Calculate the remainder when 93 is divided by 65.
28
What is the remainder when 688 is divided by 73?
31
What is the remainder when 762 is divided by 96?
90
Calculate the remainder when 1023 is divided by 259.
246
Calculate the remainder when 219 is d